In base 2, what is -101101011010000 + -1001110000011?
-110111001010011
In base 2, what is -1000000001 + 1001010010101100?
1001001010101011
In base 3, what is -12201211110112012 + 2?
-12201211110112010
In base 8, what is -42365432 - 117?
-42365551
In base 13, what is 1869c + -156?
18546
In base 13, what is 8 - -404a1c9?
404a204
In base 12, what is -40 + -24a5626?
-24a5666
In base 6, what is -335243422 + 10?
-335243412
In base 3, what is 22 + -1012200012020?
-1012200011221
In base 10, what is -4700 + -20893?
-25593
In base 13, what is a21 + -bb41b?
-ba6ca
In base 10, what is -272684 - 34?
-272718
In base 16, what is 3 - 17ea16?
-17ea13
In base 12, what is -6b1 - -921?
230
In base 9, what is 650 + 101020?
101670
In base 9, what is 1506404813 - -5?
1506404818
In base 8, what is 13126226 - 1?
13126225
In base 7, what is -156521 + -10213?
-200034
In base 2, what is -10010100 + 1000011110010111100111?
1000011110010101010011
In base 10, what is 3568 + 1266?
4834
In base 15, what is b3 + 473b81?
473c44
In base 12, what is -109256 + 23?
-109233
In base 15, what is -2b3 + dde69?
ddba6
In base 4, what is -1012111303031 - -11?
-1012111303020
In base 3, what is -11 + -10001021002011101?
-10001021002011112
In base 10, what is 41956 + 300?
42256
In base 5, what is -323031322413 + 1?
-323031322412
In base 12, what is -15 + -12085b5?
-120860a
In base 4, what is 2322200 - -3232323?
12221123
In base 16, what is 7 + -131846b?
-1318464
In base 6, what is -5215 + 2421554?
2412335
In base 3, what is -1022 + 1110002120221?
1110002112122
In base 11, what is -427 + -5578?
-59a4
In base 11, what is 49 - 4264?
-4216
In base 5, what is -10 - -12243321034?
12243321024
In base 7, what is 0 + 305644064?
305644064
In base 12, what is -1bb + 31a2a?
3182b
In base 13, what is -1 - -1005166?
1005165
In base 9, what is -53568 + -870?
-54548
In base 4, what is 2323321 - -23012?
3012333
In base 15, what is -c913b - bd?
-c9209
In base 12, what is -6aa5a3 - 124?
-6aa707
In base 8, what is 1 - 74335031?
-74335030
In base 6, what is 2251530442 + 2?
2251530444
In base 13, what is 63 - 33341?
-332ab
In base 2, what is -10101011011000011000101 + 11?
-10101011011000011000010
In base 4, what is -330 + -31000323131?
-31000330121
In base 2, what is -1010101110101101100001000 + 100?
-1010101110101101100000100
In base 12, what is -6 - 1422243?
-1422249
In base 16, what is -1b076e8 + 0?
-1b076e8
In base 5, what is -322 + 130?
-142
In base 2, what is 1001001011011 + 1100001011?
1010101100110
In base 11, what is -3587048 - -16?
-3587032
In base 2, what is -101 - -1101110010010110000000?
1101110010010101111011
In base 16, what is -bcfd - 22?
-bd1f
In base 3, what is -1101100000021 + 2201?
-1101022220120
In base 14, what is -b7 + -58c4?
-599b
In base 14, what is 7a704 + -41?
7a6a3
In base 8, what is 2115 - -22034?
24151
In base 10, what is 61 - 25239?
-25178
In base 15, what is -3ab90 + ac?
-3aad3
In base 6, what is -15 - 2304203525?
-2304203544
In base 6, what is 14 + 11503451?
11503505
In base 16, what is -3 - -8bc3ef?
8bc3ec
In base 15, what is 1d0a042 - 3?
1d0a03e
In base 10, what is -1420441 - 1?
-1420442
In base 15, what is 4 + -14014a?
-140146
In base 16, what is 6e1e - -21ec?
900a
In base 2, what is -1001101 - -101111101101100111011?
101111101101011101110
In base 11, what is 48a4 - 16a20a?
-165416
In base 6, what is -12040 - -231045?
215005
In base 13, what is 2438bb28 - 4?
2438bb24
In base 16, what is -2253e - -4a?
-224f4
In base 11, what is -6a92073 + 11?
-6a92062
In base 7, what is 42 + -33612620?
-33612545
In base 12, what is -139 - -385b?
3722
In base 16, what is -2 + -12dd7bb?
-12dd7bd
In base 13, what is -84c - 137b09?
-138658
In base 10, what is 2107 + -256834?
-254727
In base 9, what is 302 + -107537?
-107235
In base 14, what is 10b9b74c9 + -1?
10b9b74c8
In base 4, what is -2330 + -222112103?
-222121033
In base 9, what is 74545741 - 5?
74545735
In base 2, what is 101101 + 1111011001110111?
1111011010100100
In base 5, what is -2 + 31010323204?
31010323202
In base 9, what is 1313045 - 35?
1313010
In base 5, what is 14324240 - 212?
14324023
In base 14, what is 1a + 902033?
90204d
In base 9, what is 525718423 + 2?
525718425
In base 8, what is 1 + 11752452?
11752453
In base 4, what is 21223330 + -123?
21223201
In base 8, what is -4260306 + -4?
-4260312
In base 14, what is -379d + -128?
-38c7
In base 11, what is 18 - -a8aa5?
a9012
In base 13, what is -11 - -a669?
a658
In base 9, what is -23861335 + 2?
-23861333
In base 7, what is -121434 + -1260?
-123024
In base 12, what is -4 - 43a38ba?
-43a3902
In base 15, what is -5be1 - 8456?
-e147
In base 6, what is -151045 - -1?
-151044
In base 2, what is 101111101010 - -110010010110?
1100010000000
In base 12, what is -25b75481 + -4?
-25b75485
In base 7, what is 16224 - 30634?
-11410
In base 15, what is -205e1 + -13?
-20604
In base 2, what is -101101100110000111 + 11?
-101101100110000100
In base 11, what is -3516 + -2506?
-5a21
In base 8, what is -13330 - 13356?
-26706
In base 15, what is -4 + 2cb8601?
2cb85ec
In base 6, what is -114030433411 - -5?
-114030433402
In base 16, what is -35d7 + 2f9f?
-638
In base 15, what is b0bec22 - 5?
b0bec1c
In base 5, what is 31122041204 - -1?
31122041210
In base 12, what is -81 + 1109a5?
110924
In base 3, what is 12011022211021200 + 100?
12011022211022000
In base 8, what is -5 - 477100633?
-477100640
In base 6, what is -125411 + 431005?
301154
In base 12, what is -88ba65 + -2?
-88ba67
In base 2, what is 100000001000 + 10101111100110?
11001111101110
In base 3, what is 10012200001 + 1112012?
10021012020
In base 14, what is 39 - -8c8cd?
8c928
In base 7, what is 322132415 + -4?
322132411
In base 7, what is -10052 - 652342?
-662424
In base 4, what is 10311101032 - -100?
10311101132
In base 15, what is -5 + -210407?
-21040c
In base 6, what is 3532053020 + 0?
3532053020
In base 12, what is 60a - 1983?
-1375
In base 10, what is -1505 - 1703?
-3208
In base 16, what is -4 + 40c9b94?
40c9b90
In base 2, what is -101101000 + -10010100010?
-11000001010
In base 9, what is 13 - -5076624?
5076637
In base 14, what is c + 1653767?
1653775
In base 3, what is 1001201012001 - -202110?
1001201221111
In base 15, what is 1d + 15277ea?
1527818
In base 8, what is 346247 + 1352?
347621
In base 13, what is 98775a + -3?
987757
In base 8, what is -15425432 - 144?
-15425576
In base 2, what is 101010010100 + 1000001001010100?
1000110011101000
In base 8, what is 4 - -7064667?
7064673
In base 14, what is -4b9ac - -4d?
-4b95d
In base 14, what is -3 - -220d1b1?
220d1ac
In base 8, what is -1257367553 + 4?
-1257367547
In base 15, what is -1ed4 - -953?
-1581
In base 2, what is 100111000111 + -10111001000010000?
-10110100001001001
In base 11, what is 939a3993 - 3?
939a3990
In base 3, what is 221 + -11120200021220?
-11120200020222
In base 2, what is 11010111 - 11011000010110001?
-11010111111011010
In base 12, what is 305a2 + -48?
30556
In base 9, what is 711752 - -63?
711825
In base 2, what is -1001000000001 - -1000011011110001?
111010011110000
In base 11, what is -1a - -36022?
36003
In base 4, what is -103113 + 3122020?
3012301
In base 5, what is -1010341 - -10222?
-1000114
In base 11, what is 180139 + -88?
180061
In base 10, what is 7630 + -4089?
3541
In base 9, what is -2236 + -325708?
-328045
In base 13, what is -16a + 7a516?
7a379
In base 5, what is 312012 - 401124?
-34112
In base 10, what is 2914 + -143090?
-140176
In base 4, what is -30 - -311122333230?
311122333200
In base 5, what is 12 - -2321100?
2321112
In base 11, what is 1977 + 1076?
2a42
In base 16, what is -dc97 + 20?
-dc77
In base 3, what is 1 - 10102112101201220?
-10102112101201212
In base 8, what is 264 - 153602?
-153316
In base 14, what is 49da7a6 - -1b?
49da7c3
In base 7, what is -146605 - -10421?
-136154
In base 7, what is -664 + -4001?
-4665
In base 2, what is 101001111111000 + -10000010111?
100111111100001
In base 15, what is -6 + -e39c1?
-e39c7
In base 6, what is 141 + -11024244?
-11024103
In base 11, what is 1726 + -16225?
-145aa
In base 11, what is -116485 + -9?
-116493
In base 11, what is -1a6a9076 + -10?
-1a6a9086
In base 6, what is -1 - 5333154241?
-5333154242
In base 2, what is 10 + 1100111000001010100010?
1100111000001010100100
In base 4, what is -110310230 - -112111?
-110